base 10, what is 9272 + -1408?
7864
In base 12, what is -15a + 54a?
3b0
In base 16, what is 3 - 34d6050?
-34d604d
In base 13, what is -aab - -1262?
484
In base 8, what is 4425 + 144?
4571
In base 16, what is 1a7 - 638d?
-61e6
In base 10, what is -125546574 - 3?
-125546577
In base 15, what is -d225 + -4?
-d229
In base 16, what is 202d - 44cd?
-24a0
In base 9, what is 1 + -665328106?
-665328105
In base 9, what is -41 + 268452?
268411
In base 14, what is 4 + -1166cd?
-1166c9
In base 2, what is 1000101111111111011 + -100000?
1000101111111011011
In base 4, what is 122310103022 - 3?
122310103013
In base 10, what is -168765 + -2373?
-171138
In base 16, what is 64c801 - 15?
64c7ec
In base 12, what is -a438751 - 1?
-a438752
In base 13, what is 12986c9 + -4?
12986c5
In base 15, what is 143 + -2dee3?
-2dda0
In base 6, what is -213503413 - -4?
-213503405
In base 8, what is -274717 + -124?
-275043
In base 16, what is 20ecf - 8?
20ec7
In base 12, what is 79663 + 60?
79703
In base 4, what is 22130122210 - 10?
22130122200
In base 12, what is -1a9354 - 213?
-1a9567
In base 4, what is -2102 - -3211202?
3203100
In base 4, what is 1 - -11331113003010?
11331113003011
In base 15, what is d5be19 + -1?
d5be18
In base 13, what is 58 + c72554?
c725ac
In base 5, what is -10 + -14033324234?
-14033324244
In base 9, what is 1 + -7111446?
-7111445
In base 14, what is -855 - -a130?
96b9
In base 12, what is -10a806bb - 14?
-10a80713
In base 2, what is -1010111001111100111000 + 1?
-1010111001111100110111
In base 12, what is -52 + 192764?
192712
In base 14, what is 5 + ddbd69?
ddbd70
In base 5, what is 140402100203 + -4?
140402100144
In base 7, what is 51 - 3131623?
-3131542
In base 8, what is 4745236 - 2?
4745234
In base 8, what is -1071 + 1223471?
1222400
In base 4, what is -21 - -3221330001211?
3221330001130
In base 14, what is a + -2a652?
-2a646
In base 11, what is 3a + 211255?
211294
In base 10, what is -642554 - -63?
-642491
In base 14, what is -3d5413 + c?
-3d5405
In base 14, what is 3 - -41b8d91?
41b8d94
In base 4, what is -11021313221 - -1?
-11021313220
In base 16, what is -260696 + -6?
-26069c
In base 4, what is 1110000111 + -10222?
1103323223
In base 3, what is 221 + 122011212020210?
122011212021201
In base 13, what is 487cc46 - 2?
487cc44
In base 6, what is -2134352 + 14541?
-2115411
In base 15, what is -5 + -546649?
-54664e
In base 4, what is 121130311111 - 1320?
121130303131
In base 4, what is 1120 + 3121002203?
3121003323
In base 11, what is -1 + 1400546?
1400545
In base 10, what is -10 - 522853?
-522863
In base 12, what is -41653 - -5027?
-38628
In base 16, what is ebd - -1809?
26c6
In base 5, what is 0 + 103402400440?
103402400440
In base 14, what is -667 - -52a2?
4a39
In base 10, what is -43 + 19645?
19602
In base 7, what is 5 - -133450314?
133450322
In base 5, what is -2101202 - 344101?
-3000303
In base 6, what is -2454 - 34431?
-41325
In base 5, what is -1141 + 14320023?
14313332
In base 8, what is 1024742 - -316?
1025260
In base 14, what is -6 + -111a899?
-111a8a1
In base 13, what is -b3a - 3150b?
-32348
In base 2, what is 1111010 - -101110010001100101?
101110010011011111
In base 11, what is -1313607 + -8?
-1313614
In base 6, what is 251 + 24444331?
24445022
In base 12, what is 239b - 3977?
-1598
In base 13, what is 1445c01 + -4?
1445bca
In base 10, what is -17879 - 956?
-18835
In base 5, what is -133143020 - 100?
-133143120
In base 7, what is -3 + -404521061?
-404521064
In base 11, what is 1 - -714a69?
714a6a
In base 15, what is -52 + -15660?
-156b2
In base 8, what is -6 + -40274726?
-40274734
In base 3, what is 2001111 - 122002011?
-120000200
In base 6, what is -5 - 151422222?
-151422231
In base 13, what is -54450 + -212c?
-5657c
In base 16, what is 28e4eb - 9?
28e4e2
In base 15, what is 15513b8 - -1?
15513b9
In base 3, what is -102020011 + 102002?
-101211002
In base 16, what is 26139 - 19?
26120
In base 9, what is 45 - -454656?
454712
In base 15, what is 407 - -525d?
5665
In base 13, what is -a640 + -191a?
-c25a
In base 9, what is -3 - 1713850?
-1713853
In base 9, what is -5 + 2518213?
2518207
In base 4, what is 1 - 3100233211202?
-3100233211201
In base 8, what is 4 + 233642652?
233642656
In base 2, what is 1111001111010 + -10101100101?
1100100010101
In base 15, what is -29 + 1c3c66?
1c3c3c
In base 12, what is 860a4 + 15b8?
876a0
In base 11, what is -46a10 - -2650?
-44370
In base 7, what is 230 - 12001351?
-12001121
In base 4, what is -321301032023 + -23?
-321301032112
In base 8, what is -1110 + 1257747?
1256637
In base 11, what is 26a78376 - 1?
26a78375
In base 11, what is -4 + 17135502?
171354a9
In base 13, what is -108a924 - -5?
-108a91c
In base 5, what is 423 - 1013332222?
-1013331244
In base 16, what is 7 + 1fd1d8?
1fd1df
In base 11, what is -5 + 169783a5?
169783a0
In base 6, what is 32444004424 - -3?
32444004431
In base 4, what is -202230200233 - -3?
-202230200230
In base 12, what is -11016620 + -2?
-11016622
In base 6, what is 4445 - 340421?
-331532
In base 11, what is -1 - 143231?
-143232
In base 2, what is -10010111000111 + -101001111100?
-11000001000011
In base 4, what is 12020 - 132020223?
-132002203
In base 15, what is 44b3a + 21?
44b5b
In base 15, what is 1b6a - b01d?
-93a3
In base 11, what is 17 + -25129a98?
-25129a81
In base 7, what is -16103642 - -6?
-16103633
In base 2, what is -11010000100010111101 - -10010?
-11010000100010101011
In base 11, what is 3 + 880a64?
880a67
In base 12, what is 3 - 58368a?
-583687
In base 3, what is 200121012 - -2111212?
210010001
In base 10, what is 5489 - 11098?
-5609
In base 12, what is -42243 - 137?
-4237a
In base 6, what is 5533210 - -200?
5533410
In base 7, what is -3 + -1605034364?
-1605034400
In base 3, what is -2121002202000 - 22?
-2121002202022
In base 10, what is -2744938 + 1?
-2744937
In base 7, what is 144 + 612141?
612315
In base 3, what is 110012120 + 12012120?
122102010
In base 15, what is 0 - -c125b?
c125b
In base 14, what is 340 - dc8b?
-d94b
In base 14, what is -1772a6a + 11?
-1772a59
In base 13, what is 33 - 60861?
-6082b
In base 16, what is f84 - -285?
1209
In base 3, what is 2202202 - -222200220?
1002110122
In base 6, what is 1315424 + -335?
1315045
In base 12, what is 6024124 + -4?
6024120
In base 4, what is -231010012 + 22203?
-230321203
In base 10, what is -3 + 42042759?
42042756
In base 3, what is -1202002210020 + -101?
-1202002210121
In base 11, what is 22162634 - -5?
22162639
In base 7, what is -2226644044 - -3?
-2226644041
In base 5, what is 1 + 211112344?
211112400
In base 3, what is 102111000 + -1201122?
100202101
In base 3, what is 102202101110 - -121121?
102210000001
In base 13, what is -13b88 + -9?
-13b94
In base 11, what is -83151663 - -4?
-8315165a
In base 15, what is 1e6 + b17d7?
b19cd
In base 15, what is -5 - -22e324?
22e31e
In base 5, what is 4 + -333422304322?
-333422304313
In base 7, what is 44 + 14606045?
14606122
In base 10, what is 26802 + -1159?
25643
In base 11, what is 129a60 + 20?
129a80
In base 15, what is 63 + -463213?
-4631a0
In base 7, what is -5 - -42166161?
42166153
In base 8, what is -702677 + 1045?
-701632
In base 11, what is 733 - 202544?
-201911
In base 3, what is -121002022201 - -1202?
-121002020222
In base 6, what is -33520553234 + 5?
-33520553225
In base 5, what is 3341324 + 13100?
3404424
In base 11, what is -3591234 - -1?
-3591233
In base 5, what is 2010 - -22123030?
22130040
In base 9, what is 1573 - 65657?
-64074
In base 12, what is 45390 - 294?
450b8
In base 8, what is -1226663252 + -1?
-1226663253
In base 5, what is -10424 - 131023?
-142002
In base 11, what is -115786a0 + 3?
-11578698
In base 11, what is 1a4 + 5a737?
5a930
In base 10, what is -577 - -54403?
53826
In base 6, what is -245500 + -334?
-250234
In base 10, what is 39616605 + -3?
39616602
In base 7, what is -443 + 2054?
1311
In base 2, what is -10011101100000010010 - 101111?
-10011101100001000001
In base 8, what is -132 + -14340755?
-14341107
In base 6, what is -20 + 243525120?
243525100
In base 6, what is 4405 + -10020?
-1211
In base 11, what is -33 - -2837885?
2837852
In base 9, what is 368000 + -60?
367830
In base 9, what is -3538 - -6124?
2475
In base 4, what is -13 - 21330220000?
-21330220013
In base 8, what is -446 - 147462?
-150130
In base 10, what is -115 + 72759?
72644
I